{"id":13,"date":"2016-11-08T15:13:16","date_gmt":"2016-11-08T15:13:16","guid":{"rendered":"https:\/\/juancintasfotografos.com\/?page_id=13"},"modified":"2024-02-09T19:21:39","modified_gmt":"2024-02-09T19:21:39","slug":"sobre-mi","status":"publish","type":"page","link":"https:\/\/juancintasfotografos.com\/?page_id=13","title":{"rendered":"Sobre M\u00ed"},"content":{"rendered":"\n<figure class=\"wp-block-gallery has-nested-images columns-default is-cropped wp-block-gallery-1 is-layout-flex wp-block-gallery-is-layout-flex\">\n<figure class=\"wp-block-image size-large\"><img loading=\"lazy\" decoding=\"async\" width=\"1024\" height=\"461\" data-id=\"1145\" src=\"https:\/\/juancintasfotografos.com\/wp-content\/uploads\/2024\/02\/IMG_20230825_211032-1024x461.jpg\" alt=\"\" class=\"wp-image-1145\" srcset=\"https:\/\/juancintasfotografos.com\/wp-content\/uploads\/2024\/02\/IMG_20230825_211032-1024x461.jpg 1024w, https:\/\/juancintasfotografos.com\/wp-content\/uploads\/2024\/02\/IMG_20230825_211032-300x135.jpg 300w, https:\/\/juancintasfotografos.com\/wp-content\/uploads\/2024\/02\/IMG_20230825_211032-768x346.jpg 768w, https:\/\/juancintasfotografos.com\/wp-content\/uploads\/2024\/02\/IMG_20230825_211032-1536x691.jpg 1536w, https:\/\/juancintasfotografos.com\/wp-content\/uploads\/2024\/02\/IMG_20230825_211032-2048x922.jpg 2048w, https:\/\/juancintasfotografos.com\/wp-content\/uploads\/2024\/02\/IMG_20230825_211032-920x414.jpg 920w, https:\/\/juancintasfotografos.com\/wp-content\/uploads\/2024\/02\/IMG_20230825_211032-230x104.jpg 230w, https:\/\/juancintasfotografos.com\/wp-content\/uploads\/2024\/02\/IMG_20230825_211032-350x158.jpg 350w, https:\/\/juancintasfotografos.com\/wp-content\/uploads\/2024\/02\/IMG_20230825_211032-480x216.jpg 480w\" sizes=\"auto, (max-width: 1024px) 100vw, 1024px\" \/><\/figure>\n<\/figure>\n\n\n<p>Juan Cintas Fot\u00f3grafos es un fot\u00f3grafo profesional, natural de Salvatierra de los Barros, pero afincado en Jerez de los Caballeros.<\/p>\n<p>La fotograf\u00eda para m\u00ed no es solo un trabajo, sino una vocaci\u00f3n. Admirar el poder que una imagen puede tener en la mente, la capacidad para generar recuerdos y hacernos revivir momentos, sensaciones y sentimentos. M\u00ed mundo gira en torno a la fotograf\u00eda y pocas veces me ver\u00e1s sin una c\u00e1mara a cuestas.<br \/>\nM\u00ed car\u00e1cter cercano, emp\u00e1tico y afable, har\u00e1 que os relaj\u00e9is frente a m\u00ed objetivo, consiguiendo unas fotos frescas y naturales.<\/p>\n<p>Estoy obsesionado con la seguridad, trabajo con c\u00e1maras de doble tarjeta y siempre llevo un compa\u00f1ero\/a para que no se quede ning\u00fan detalle sin fotografiar. En un d\u00eda \u00fanico y especial nada puede fallar.<\/p>\n<p>M\u00ed abanico de trabajo es muy amplio y me adapto a vuestras pretensiones. Contacta conmigo y seguro que no te defraudar\u00e9.<\/p>\n\n\n<figure class=\"wp-block-image size-full\"><img loading=\"lazy\" decoding=\"async\" width=\"512\" height=\"512\" src=\"https:\/\/juancintasfotografos.com\/wp-content\/uploads\/2016\/11\/cropped-icono_juan_cintas.jpg\" alt=\"\" class=\"wp-image-137\" srcset=\"https:\/\/juancintasfotografos.com\/wp-content\/uploads\/2016\/11\/cropped-icono_juan_cintas.jpg 512w, https:\/\/juancintasfotografos.com\/wp-content\/uploads\/2016\/11\/cropped-icono_juan_cintas-150x150.jpg 150w, https:\/\/juancintasfotografos.com\/wp-content\/uploads\/2016\/11\/cropped-icono_juan_cintas-300x300.jpg 300w, https:\/\/juancintasfotografos.com\/wp-content\/uploads\/2016\/11\/cropped-icono_juan_cintas-230x230.jpg 230w, https:\/\/juancintasfotografos.com\/wp-content\/uploads\/2016\/11\/cropped-icono_juan_cintas-350x350.jpg 350w, https:\/\/juancintasfotografos.com\/wp-content\/uploads\/2016\/11\/cropped-icono_juan_cintas-480x480.jpg 480w, https:\/\/juancintasfotografos.com\/wp-content\/uploads\/2016\/11\/cropped-icono_juan_cintas-270x270.jpg 270w, https:\/\/juancintasfotografos.com\/wp-content\/uploads\/2016\/11\/cropped-icono_juan_cintas-192x192.jpg 192w, https:\/\/juancintasfotografos.com\/wp-content\/uploads\/2016\/11\/cropped-icono_juan_cintas-180x180.jpg 180w, https:\/\/juancintasfotografos.com\/wp-content\/uploads\/2016\/11\/cropped-icono_juan_cintas-32x32.jpg 32w\" sizes=\"auto, (max-width: 512px) 100vw, 512px\" \/><\/figure>\n","protected":false},"excerpt":{"rendered":"<p>Juan Cintas Fot\u00f3grafos es un fot\u00f3grafo profesional, natural de Salvatierra de los Barros, pero afincado en Jerez de los Caballeros. La fotograf\u00eda [&hellip;]<\/p>\n","protected":false},"author":2,"featured_media":0,"parent":0,"menu_order":0,"comment_status":"closed","ping_status":"closed","template":"","meta":{"footnotes":""},"class_list":["post-13","page","type-page","status-publish","hentry"],"_links":{"self":[{"href":"https:\/\/juancintasfotografos.com\/index.php?rest_route=\/wp\/v2\/pages\/13","targetHints":{"allow":["GET"]}}],"collection":[{"href":"https:\/\/juancintasfotografos.com\/index.php?rest_route=\/wp\/v2\/pages"}],"about":[{"href":"https:\/\/juancintasfotografos.com\/index.php?rest_route=\/wp\/v2\/types\/page"}],"author":[{"embeddable":true,"href":"https:\/\/juancintasfotografos.com\/index.php?rest_route=\/wp\/v2\/users\/2"}],"replies":[{"embeddable":true,"href":"https:\/\/juancintasfotografos.com\/index.php?rest_route=%2Fwp%2Fv2%2Fcomments&post=13"}],"version-history":[{"count":10,"href":"https:\/\/juancintasfotografos.com\/index.php?rest_route=\/wp\/v2\/pages\/13\/revisions"}],"predecessor-version":[{"id":1146,"href":"https:\/\/juancintasfotografos.com\/index.php?rest_route=\/wp\/v2\/pages\/13\/revisions\/1146"}],"wp:attachment":[{"href":"https:\/\/juancintasfotografos.com\/index.php?rest_route=%2Fwp%2Fv2%2Fmedia&parent=13"}],"curies":[{"name":"wp","href":"https:\/\/api.w.org\/{rel}","templated":true}]}}